3335. Let o be (60/14)/(2/14). What is the highest common divisor of f and o?
30
Let t be (-2)/2*(-9717 + -8)/5. What is the highest common divisor of 25 and t?
5
Suppose 0 = -1058*o + 1044*o + 182. Suppose -910 = -4*c - 3*c. What is the highest common divisor of o and c?
13
Suppose 0 = -6*a + 1 - 199. Let j = a - -45. Suppose 15*p = j*p + 594. Calculate the greatest common factor of 22 and p.
22
Let d = 391 - 371. Suppose a + 3*a - d = 0, a = -5*k + 365. Calculate the highest common divisor of 216 and k.
72
Let f be ((-101)/(-11) - 9) + 10674/99. What is the greatest common divisor of 24732 and f?
108
Suppose -708 = 2*y + 5*m, 6*m = -4*y + m - 1436. Let n = 556 + y. What is the greatest common divisor of 24 and n?
24
Suppose 0 = 2601*u - 2628*u + 3159. Let w(g) = -g**3 - 7*g**2 - 4*g - 10. Let q be w(-7). What is the greatest common divisor of u and q?
9
Let n be (-6)/(-10) + 340/100. Suppose 4*q - 8 = -n. Let c be -60*q/((-20)/16). What is the greatest common divisor of 36 and c?
12
Suppose c + 12 = 50. Let g be (76/6)/((-10)/(-135)). Suppose -2*r = r - g. What is the highest common factor of c and r?
19
Let h be (17/(7/(70/15)))/(16/168). Calculate the greatest common factor of h and 26537.
119
Let y(w) = w**3 + 70*w**2 - w - 61. Let f be y(-70). Let m(j) = j**2 + 6*j + 6. Let a be m(-6). What is the highest common factor of f and a?
3
Let l = -69 + 74. Suppose 124 = -l*d + 9*d. Let j be (-6)/(-4)*d*190/57. Calculate the highest common factor of 31 and j.
31
Let f = 3482 + -3474. What is the greatest common divisor of f and 140?
4
Let y(d) be the first derivative of 2*d**2 - 5*d - 1. Let w be y(3). Let s be (102 - 0) + (3 - w). Calculate the greatest common factor of s and 14.
14
Suppose -3*j - 642 = -3*g - 4*j, 0 = 2*g - 3*j - 428. Let u = g - 209. Calculate the greatest common factor of u and 13.
1
Let h(w) = 3*w + 60. Let p be h(-18). Let v be (-1119)/(-45) - p/(-45). What is the highest common factor of 5 and v?
5
Let o = -3525 + 3564. Calculate the highest common factor of o and 247.
13
Let b(m) = -m + 28. Let k be b(-9). Let s be 0 + 6/(-27) + (-69290)/(-117). What is the highest common factor of s and k?
37
Let w(g) = 12*g - 36. Let o be w(29). Let s = 178 + o. What is the highest common divisor of 70 and s?
70
Let i(m) = m**3 + 15*m**2 + 14*m + 3. Let j be i(-14). Suppose j = -x + 17. What is the greatest common divisor of x and 6?
2
Suppose -448*q + 13824 = -440*q. What is the greatest common factor of q and 108?
108
Let d = -112344 + 112442. Suppose -f = 3*f + 4*v - 44, -58 = -5*f - 4*v. What is the highest common factor of d and f?
14
Suppose 20 = 3*b - b. Let g(m) = -2*m**3 - 41*m**2 + 15*m + 9. Let a be g(-21). Let q = 160 - a. What is the greatest common factor of q and b?
5
Let h be 236/2 + 10*(-13)/130. Suppose -41 = i - 236. Calculate the highest common factor of i and h.
39
Let p be ((-5580)/270)/(4/(-18) - 0). What is the highest common factor of p and 217?
31
Let z(c) be the second derivative of -c**3/6 + 129*c**2/2 - 72*c. Let a be z(14). What is the greatest common divisor of 115 and a?
115
Let y = -12 + 14. Suppose 4*b - 13 = 3*o, 4*o - 2 - y = 0. Let l be 6/b*(-32)/(-12). What is the highest common factor of 36 and l?
4
Suppose 4*m + g = 3*g + 5484, -6861 = -5*m + 4*g. Calculate the highest common factor of m and 259.
37
Suppose 106*u - 2930 = 4490. Let p be 6/9*(-15)/(-2). Suppose -q = -p*q + 56. What is the highest common divisor of u and q?
14
Let g(q) = 1344*q**3 - q**2 + 7*q - 5. Let b be g(1). What is the greatest common factor of 25 and b?
5
Let d be (156/(-10))/(4/(-24)*(-116)/(-145)). Let f(a) = 3*a - 6. Let y be f(5). What is the highest common factor of y and d?
9
Suppose 4*z = -4*v + 36, v - 30 = -3*z - z. Suppose -z*r + 11*r + 756 = 4*f, 4*f = -r + 751. What is the greatest common factor of f and 47?
47
Suppose 0 = 5*a + q + 4*q + 15, 4*a - 4*q - 28 = 0. Suppose -4*t - a*z + 414 = 0, 0*z + 309 = 3*t + 2*z. What is the greatest common divisor of t and 15?
15
Suppose -3*z - 41 = -4*z - 5*d, -2*d = 4*z - 146. Let s = -34 - -88. Calculate the highest common divisor of s and z.
18
Let i(h) = -41 + 13 - 16 + 39*h - 55*h. Let k be i(-4). Let f be 38/(3 + -1) + 1. Calculate the highest common divisor of f and k.
20
Suppose -2*w = -3 - 53. Let z be ((-200)/(-2) - (-23 + 28)) + 1 + 2. Calculate the greatest common divisor of z and w.
14
Suppose -8 = -2*g, 0*s - 3*g + 748 = s. Let y(z) = -z**2 + 9*z + 5. Let a be y(6). Calculate the highest common factor of a and s.
23
Let g = -45 - -88. Let b = -58076 - -58119. What is the greatest common factor of g and b?
43
Let b = 1587 - 1576. Let p(r) = 32*r**2 + 1. Let v(n) = n**2 + 8*n + 1. Let h be v(-8). Let t be p(h). Calculate the highest common factor of t and b.
11
Let s(p) = -p + 37. Let m be s(6). Suppose 4*h - 79 = -m. What is the greatest common divisor of h and 20?
4
Let u(c) = 68*c + 1892. Let x be u(-7). Calculate the highest common factor of 216 and x.
24
Suppose 0 = 2*o + o - 9. Suppose -o*z = -22 - 119. Suppose 7*j - z = -3*m + 3*j, -2*j + 1 = -m. Calculate the highest common factor of m and 6.
3
Let j be 1/(-3) - 20/12. Let z(h) be the second derivative of -4*h**3/3 - 5*h**2 - 6*h - 59. Let n be z(j). Calculate the highest common divisor of n and 6.
6
Suppose -6*t + 33390 = 3*i, 10 = -3*i + 8*i. Calculate the greatest common divisor of 65 and t.
13
Suppose -l = l - 10. Suppose -l*w - 5*s + 9 = -1, -12 = 4*w - s. Let j be (w/(-4))/(10/300). What is the highest common factor of 135 and j?
15
Let f(u) = u**2 - u. Let h be f(-2). Suppose 0 = 3*j - 84 + 96. Let n be (1/1)/(j/(-28)) + 5. What is the greatest common factor of h and n?
6
Let a be ((-11106)/(-8))/((180/10)/144). Calculate the greatest common divisor of 18 and a.
18
Let y(o) = 72*o + 4. Let x be y(0). Suppose a - 5*w - 99 = 0, 2*a - 2*w = w + 163. Let f be -7 + x + a + 1. What is the greatest common divisor of f and 8?
8
Suppose 0*f = -5*g - 3*f + 10, 3*f = 4*g - 35. Suppose 3*m = g*m - 60. Calculate the highest common divisor of m and 20.
10
Let p = 7548 + -6605. Calculate the greatest common factor of 246 and p.
41
Let t = -15 - -42. Suppose -3*s - 87 = x - 4*x, t = x - 3*s. Suppose -64*i - 63*i + 54 = -124*i. Calculate the greatest common divisor of x and i.
6
Suppose -2*w + 12 = 2*y, -2*y = 6*w - w - 18. Suppose 0 = y*l - 5*l + 96. Suppose -5*i = -l - 294. Calculate the greatest common divisor of 26 and i.
26
Let r = 141 - -2. Suppose n = 2*n - r. Let z(m) = 2*m**2 - 217*m + 5794. Let f be z(47). What is the highest common factor of f and n?
13
Let h be (20/(-30))/(2/(-84)). Suppose 2*s - h = -3*j + 32, -4*j + 5*s = -57. Calculate the highest common factor of 63 and j.
9
Let u(g) = -106*g - 3200. Let m be u(-32). Calculate the greatest common factor of 2364 and m.
12
Let x(i) = -i**2 - 19*i + 24. Let r be x(-16). Suppose -5*h - w - 1153 = -6*h, 0 = 3*h + 4*w - 3452. Calculate the highest common factor of h and r.
72
Let i = 30 + -2. Let m be (-16 + (-120)/(-4))*(15 + -1). Calculate the highest common factor of m and i.
28
Let s(a) = a + 255. Let m be s(0). Let v be (-2)/((0 - -1)*6/(-780)). Let w = -209 + v. What is the greatest common divisor of w and m?
51
Let c(x) = 8*x**2 - 6*x - 7. Let i be c(-5). Suppose -9*s + 4*s = -3*k - 1005, s = 5*k + i. What is the highest common divisor of 22 and s?
22
Let x = 104 + -62. Let v = -9 + -7. Let t = v + x. Calculate the highest common divisor of t and 65.
13
Suppose -55*r + 3797 - 332 = 0. Calculate the highest common divisor of r and 576.
9
Suppose h - 5*h + 62 = 5*c, h - 9 = 2*c. Let w = 664 - 495. What is the greatest common factor of h and w?
13
Let u be ((-15)/10 + 1)*-336. Suppose 3*b + 3*p = 4*p + 32, -3*p + 36 = 3*b. Suppose -29*j + 2016 = -b*j. Calculate the greatest common factor of j and u.
56
Let c = -352 - -501. Suppose 14*m - 4625 - c = 0. What is the greatest common factor of m and 31?
31
Suppose 18535 + 6809 = 217*x + 39*x. What is the highest common factor of x and 3190?
11
Let j = 50885 - 50870. Suppose 5*w + 61 = 2*h, 3*h - 2*w + w - 98 = 0. Calculate the highest common divisor of j and h.
3
Let a = -8123 - -12794. What is the greatest common factor of 81 and a?
27
Suppose -407*s + 373*s + 275502 = 0. Calculate the highest common 